in base 16?
-32
3 (base 14) to base 3
10
What is -54 (base 14) in base 3?
-2202
Convert 1 (base 11) to base 5.
1
What is 8 (base 13) in base 10?
8
-3 (base 15) to base 12
-3
-3 (base 13) to base 5
-3
Convert 0 (base 13) to base 8.
0
-4 (base 8) to base 16
-4
What is a (base 16) in base 6?
14
0 (base 14) to base 4
0
What is -11 (base 11) in base 13?
-c
b (base 15) to base 11
10
What is 7 (base 13) in base 14?
7
Convert -1011 (base 3) to base 15.
-21
-8 (base 11) to base 16
-8
Convert 0 (base 11) to base 13.
0
What is 4 (base 6) in base 9?
4
What is 57 (base 13) in base 9?
80
What is 4 (base 8) in base 4?
10
What is -17 (base 13) in base 11?
-19
What is 2 (base 8) in base 16?
2
What is -1 (base 5) in base 12?
-1
153 (base 9) to base 11
108
Convert -a5 (base 15) to base 2.
-10011011
What is 1110 (base 2) in base 10?
14
What is -4 (base 7) in base 8?
-4
-21 (base 15) to base 9
-34
Convert -2 (base 5) to base 8.
-2
What is 90 (base 11) in base 5?
344
What is 48 (base 10) in base 4?
300
Convert 2 (base 3) to base 7.
2
What is -7 (base 14) in base 5?
-12
What is -21 (base 3) in base 10?
-7
13 (base 5) to base 3
22
What is -6 (base 11) in base 8?
-6
Convert -1 (base 13) to base 15.
-1
What is e (base 15) in base 7?
20
Convert c (base 14) to base 13.
c
Convert 17 (base 13) to base 7.
26
-20 (base 3) to base 10
-6
a6 (base 11) to base 13
8c
What is -12 (base 11) in base 7?
-16
Convert 1 (base 7) to base 14.
1
9 (base 14) to base 4
21
-312 (base 6) to base 2
-1110100
1 (base 16) to base 7
1
What is 2 (base 11) in base 16?
2
What is 1010110 (base 2) in base 11?
79
Convert 32 (base 10) to base 9.
35
What is 31 (base 5) in base 2?
10000
231 (base 4) to base 15
30
-e0 (base 16) to base 3
-22022
What is -314 (base 6) in base 2?
-1110110
What is 20 (base 4) in base 13?
8
Convert 2 (base 8) to base 16.
2
34 (base 12) to base 2
101000
What is 29 (base 11) in base 2?
11111
Convert -73 (base 11) to base 2.
-1010000
8 (base 9) to base 5
13
What is -2221 (base 3) in base 14?
-59
What is -1 (base 5) in base 3?
-1
-107 (base 10) to base 7
-212
What is -31 (base 13) in base 14?
-2c
11 (base 5) to base 6
10
Convert -90 (base 11) to base 5.
-344
What is -40 (base 14) in base 11?
-51
What is 0 (base 4) in base 10?
0
Convert 27 (base 8) to base 3.
212
-122 (base 9) to base 15
-6b
-22202 (base 3) to base 5
-1421
Convert 16 (base 8) to base 6.
22
Convert 513 (base 6) to base 7.
360
What is 0 (base 7) in base 15?
0
What is 15 (base 6) in base 2?
1011
Convert 51 (base 15) to base 3.
2211
What is 12 (base 3) in base 6?
5
-110 (base 2) to base 8
-6
What is 7 (base 15) in base 14?
7
Convert 3 (base 16) to base 2.
11
What is 114 (base 9) in base 11?
86
Convert 0 (base 15) to base 9.
0
Convert 7 (base 12) to base 10.
7
Convert -45 (base 9) to base 6.
-105
-36 (base 13) to base 7
-63
What is 115 (base 6) in base 16?
2f
114 (base 14) to base 10
214
What is -1 (base 16) in base 6?
-1
Convert 210 (base 4) to base 9.
40
202 (base 3) to base 6
32
-110 (base 2) to base 8
-6
What is 404 (base 5) in base 2?
1101000
-2 (base 16) to base 4
-2
0 (base 13) to base 2
0
Convert 412 (base 9) to base 13.
1ca
Convert b5 (base 14) to base 15.
a9
550 (base 7) to base 13
187
1 (base 4) to base 12
1
Convert -3 (base 10) to base 9.
-3
What is 130 (base 5) in base 13?
31
3 (base 12) to base 15
3
11 (base 3) to base 11
4
Convert 2 (base 9) to base 10.
2
Convert -40 (base 12) to base 2.
-110000
-120 (base 4) to base 8
-30
What is -25 (base 6) in base 10?
-17
Convert -7 (base 13) to base 2.
-111
What is -101 (base 10) in base 4?
-1211
Convert -28 (base 13) to base 4.
-202
What is -5a (base 14) in base 5?
-310
What is -4 (base 9) in base 12?
-4
Convert 8 (base 16) to base 8.
10
100110 (base 2) to base 8
46
-220 (base 3) to base 6
-40
-76 (base 8) to base 6
-142
Convert -13 (base 15) to base 7.
-24
What is -6 (base 9) in base 5?
-11
Convert 18 (base 10) to base 5.
33
201 (base 3) to base 10
19
Convert 113 (base 4) to base 15.
18
-6 (base 8) to base 14
-6
Convert 0 (base 8) to base 14.
0
Convert 22 (base 3) to base 16.
8
Convert -68 (base 10) to base 12.
-58
Convert 10000 (base 2) to base 7.
22
-10 (base 3) to base 10
-3
-1 (base 8) to base 4
-1
Convert 6 (base 11) to base 4.
12
Convert -10 (base 9) to base 16.
-9
What is -104 (base 9) in base 4?
-1111
Convert 1 (base 9) to base 2.
1
3 (base 16) to base 7
3
3 (base 13) to base 10
3
Convert -3 (base 8) to base 6.
-3
-3013 (base 4) to base 15
-d4
-304 (base 6) to base 4
-1300
What is 3 (base 14) in base 5?
3
What is 23 (base 7) in base 8?
21
3 (base 5) to base 4
3
-21 (base 3) to base 9
-7
-10 (base 13) to base 2
-1101
102 (base 12) to base 11
123
10 (base 4) to base 14
4
What is -37 (base 11) in base 12?
-34
-2220 (base 3) to base 4
-1032
Convert 424 (base 6) to base 4.
2200
Convert 10 (base 5) to base 2.
101
Convert -2 (base 10) to base 13.
-2
What is 92 (base 15) in base 8?
211
Convert 32 (base 16) to base 8.
62
Convert 22 (base 13) to base 14.
20
What is -1 (base 5) in base 7?
-1
What is 2 (base 10) in base 3?
2
-5a (base 16) to base 5
-330
Convert -1302 (base 4) to base 16.
-72
2321 (base 4) to base 14
d3
What is 3 (base 12) in base 13?
3
What is -87 (base 13) in base 7?
-216
-2 (base 10) to base 4
-2
What is 6 (base 10) in base 3?
20
-1 (base 12) to base 9
-1
Convert -5 (base 7) to base 8.
-5
a3 (base 15) to base 11
12a
-363 (base 7) to base 9
-233
What is -10000011 (base 2) in base 13?
-a1
1001 (base 2) to base 12
9
Convert -100000 (base 2) to base 9.
-35
What is -4 (base 13) in base 7?
-4
5 (base 16) to base 15
5
What is -121 (base 4) in base 6?
-41
Convert 10011 (base 2) to base 7.
25
What is 12 (base 3) in base 11?
5
Convert 47 (base 10) to base 3.
1202
What is -2d (base 15) in base 14?
-31
-9 (base 15) to base 8
-11
What is -8 (base 9) in base 11?
-8
123 (base 14) to base 7
443
Convert 1a (base 11) to base 12.
19
10122 (base 4) to base 9
343
Convert 10111 (base 2) to base 3.
212
0 (base 6) to base 7
0
What is -a (base 15) in base 9?
-11
What is 0 (base 14) in base 5?
0
Convert -16 (base 16) to base 3.
-211
Convert 7 (base 11) to base 14.
7
Convert 3 (base 14) to base 13.
3
352 (base 6) to base 13
aa
-2 (base 10) to base 3
-2
-213 (base 4) to base 15
-29
Convert -1 (base 16) to base 3.
-1
What is 1000 (base 2) in base 16?
8
Convert 4 (base 15) to base 8.
4
-2 (base 4) to base 6
-2
Convert -30 (base 6) to base 11.
-17
Convert -38 (base 16) to base 2.
-111000
What is 6 (base 15) in base 12?
6
-21 (base 6) to base 10
-13
What is -3b (base 15) in base 11?
-51
Convert 6 (base 12) to base 8.
6
What is -107 (base 10) in base 6?
-255
Convert 2 (base 12) to base 11.
2
-3 (base 10) to base 15
-3
Convert 562 (base 8) to base 4.
11302
Convert 11 (base 5) to base 15.
6
What is -23 (base 5) in base 14?
-d
What is 132 (base 16) in base 15?
156
-2212 (base 3) to base 2
-1001101
2 (base 6) to base 13
2
-4 (base 14) to base 13
-4
-2 (base 6) to base 7
-2
8 (base 13) to base 2
1000
What is 100 (base 2) in base 12?
4
Convert 10 (base 3) to base 5.
3
Convert 100011 (base 3) to base 10.
247
Convert -5 (base 16) to base 8.
-5
What is -101000110 (base 2) in base 3?
-110002
What is -100100 (base 2) in base 9?
-40
-5 (base 8) to base 3
-12
What is 4 (base 8) in base 12?
4
What is -44 (base 8) in base 2?
-100100
Convert 1011 (base 2) to base 13.
b
Convert -10 (base 7) to base 8.
-7
-1 (base 10) to base 9
-1
Convert -3 (base 16) to base 2.
-11
Convert -9 (base 14) to base 8.
-11
Convert 2 (base 9) to base 4.
2
Convert 18a (base 14) to base 4.
10332
What is 55 (base 9) in base 10?
50
16 (base 8) to base 14
10
What is 10 (base 14) in base 5?
24
Convert -2 (base 16) to base 6.
-2
-4 (base 9) to base 15
-4
23 (base 4) to base 9
12
3 (base 4) to base 13
3
66 (base 8) to base 15
39
1 (base 14) to base 2
1
Convert -11 (base 9) to base 15.
-a
-332 (base 8) to base 2
-11011010
Convert -30 (base 9) to base 13.
-21
What is 7 (base 9) in base 4?
13
What is 62 (base 7) in base 3?
1122
What is 117 (base 8) in base 10?
79
What is 4 (base 12) in base 15?
4
Convert -16 (base 8) to base 15.
-e
-12 (base 5) to base 7
-10
e (base 16) to base 8
16
Convert 145 (base 7) to base 8.
122
-2100 (base 3) to base 2
-111111
-5 (base 10) to base 4
-11
Convert -11 (base 2) to base 12.
-3
Convert -14 (base 8